umber?
False
Is 6286180489 composite?
True
Is 4143404201 a prime number?
True
Is 105732409 composite?
False
Is 48215903213 composite?
False
Is 347269921 prime?
True
Is 1208244283 prime?
False
Is 151378542013 composite?
True
Is 11731513513 composite?
True
Is 363306387 prime?
False
Is 1885261583 a prime number?
True
Is 139667821 composite?
False
Is 7319564423 prime?
False
Is 6921684043 prime?
True
Is 123524033 prime?
True
Is 5407828339 a composite number?
False
Is 695190623 prime?
True
Is 351702904027 a prime number?
False
Is 647806057 a prime number?
True
Is 3900425303 a prime number?
False
Is 3078340487 a prime number?
True
Is 2313623519 a prime number?
False
Is 1088717429 composite?
False
Is 53885926013 a prime number?
False
Is 49764511627 composite?
False
Is 1623334709 a composite number?
True
Is 992438261 a composite number?
True
Is 2060682713 composite?
False
Is 126357378559 a composite number?
False
Is 7696958081 a composite number?
False
Is 5485551343 composite?
False
Is 271123261 prime?
True
Is 1144384643 a prime number?
True
Is 183565927 prime?
False
Is 1985959453 a prime number?
True
Is 42798914321 prime?
False
Is 44073498719 composite?
False
Is 58510335121 prime?
False
Is 122411923457 a prime number?
False
Is 21734422901 prime?
True
Is 56118209423 prime?
True
Is 58529171 a prime number?
True
Is 3319294921 a composite number?
True
Is 11682043 a composite number?
True
Is 1527223417 a composite number?
True
Is 5829786343 prime?
True
Is 1399610931 composite?
True
Is 10722206783 prime?
True
Is 71422433 a prime number?
True
Is 30593600321 a composite number?
False
Is 2613277103 a prime number?
False
Is 101859192257 composite?
True
Is 60859277 a prime number?
True
Is 2345131097 a prime number?
True
Is 197894203 a prime number?
False
Is 786948641 a composite number?
True
Is 5191694967 composite?
True
Is 94042081 prime?
False
Is 1275441581 prime?
False
Is 22636147 prime?
False
Is 4067071149 a prime number?
False
Is 498786061 a prime number?
True
Is 2587125383 a composite number?
True
Is 9900506467 prime?
False
Is 13069783907 prime?
True
Is 4281865489 prime?
False
Is 291483433 prime?
False
Is 11763905801 composite?
True
Is 438969599 a composite number?
True
Is 8615897 a composite number?
True
Is 8836863171 prime?
False
Is 32819321 composite?
True
Is 64799905501 composite?
False
Is 67001452213 prime?
True
Is 1960392299 composite?
False
Is 48546637597 prime?
False
Is 264117713 prime?
False
Is 2908872851 composite?
False
Is 20575076447 prime?
True
Is 6158552663 composite?
False
Is 15454280663 a prime number?
True
Is 1035475631 a prime number?
False
Is 17880836309 composite?
True
Is 18993345101 prime?
True
Is 17857673389 a prime number?
False
Is 518748833 a composite number?
False
Is 161869441709 a prime number?
True
Is 7943417707 prime?
True
Is 8312398231 composite?
False
Is 2018778659 a composite number?
False
Is 78834142481 a composite number?
False
Is 730239389 a composite number?
True
Is 340086391 prime?
False
Is 554363753 prime?
True
Is 2151831347 a prime number?
True
Is 45667678337 composite?
False
Is 130622916233 prime?
True
Is 148571147 a composite number?
True
Is 1389022423 a prime number?
True
Is 192832069 a composite number?
True
Is 150091457734 a composite number?
True
Is 7424529449 a composite number?
False
Is 6795870793 prime?
True
Is 89896906469 a prime number?
False
Is 7369133782 composite?
True
Is 98507443 composite?
True
Is 6263805029 prime?
True
Is 87923114 a prime number?
False
Is 68552329877 a composite number?
True
Is 190696277 a prime number?
False
Is 1069074913 a prime number?
True
Is 27900087287 prime?
True
Is 257820187 composite?
False
Is 9905605343 prime?
False
Is 76336111309 composite?
True
Is 3007944403 a prime number?
True
Is 111265370569 composite?
True
Is 76372550921 a prime number?
True
Is 2030168971 composite?
True
Is 2919359441 composite?
True
Is 12627282209 a composite number?
False
Is 394936393 composite?
True
Is 3383909159 a prime number?
True
Is 160636444279 prime?
True
Is 30117953237 a composite number?
True
Is 8349524501 composite?
False
Is 195658638069 composite?
True
Is 12300270433 composite?
True
Is 7621487801 composite?
True
Is 1492527073 prime?
False
Is 1439597177 prime?
True
Is 675291499 composite?
True
Is 351415979 a prime number?
True
Is 111769145963 prime?
True
Is 210062647 composite?
True
Is 14823090449 composite?
True
Is 1122825523 a prime number?
False
Is 2304473423 composite?
True
Is 22661489041 prime?
True
Is 12190051061 composite?
False
Is 9358888951 prime?
True
Is 3228595441 prime?
False
Is 1383622087 a prime number?
True
Is 990085637 a composite number?
False
Is 69817117 a composite number?
True
Is 443060389 prime?
True
Is 170520527 prime?
False
Is 2423417713 a composite number?
True
Is 7507438501 composite?
True
Is 3472084501 prime?
True
Is 8069623259 a composite number?
True
Is 6180537367 composite?
False
Is 1066631987 prime?
True
Is 1507067473 a composite number?
True
Is 8392613459 prime?
True
Is 14978599253 a composite number?
True
Is 16466977927 a prime number?
True
Is 31705535041 a prime number?
False
Is 6405905245 a prime number?
False
Is 952119019 a composite number?
False
Is 42822155371 prime?
True
Is 9411461359 a prime number?
True
Is 14517132683 prime?
False
Is 2397585079 composite?
False
Is 1305428767 prime?
False
Is 1979392861 composite?
True
Is 10950323003 a prime number?
False
Is 32453929691 a prime number?
False
Is 3486330637 prime?
True
Is 2585524538 a prime number?
False
Is 39291830593 a prime number?
True
Is 3873232929 composite?
True
Is 61648211 composite?
True
Is 9181233247 composite?
False
Is 140436929 prime?
False
Is 2065948949 composite?
False
Is 2692570973 composite?
True
Is 6030163283 prime?
True
Is 105528589 a prime number?
False
Is 4432135837 prime?
True
Is 149792527 a prime number?
False
Is 961001803 prime?
True
Is 51231601 composite?
True
Is 43532542489 a prime number?
False
Is 263093543 prime?
True
Is 4263706793 a prime number?
True
Is 29051838151 a prime number?
False
Is 823452373 prime?
True
Is 7461777269 prime?
True
Is 3110036263 a composite number?
True
Is 11347183 prime?
True
Is 442544701 prime?
False
Is 10474655669 a prime number?
True
Is 1377719171 prime?
False
Is 19314891437 prime?
True
Is 164487487193 prime?
False
Is 6550976893 composite?
False
Is 6086211017 a composite number?
False
Is 1989157883 a prime number?
True
Is 58351495739 a prime number?
True
Is 77427605557 prime?
False
Is 43478756231 prime?
False
Is 1272860441 a composite number?
False
Is 32244152311 a composite number?
True
Is 570752137 a prime number?
False
Is 4384717 composite?
True
Is 79592263 a composite number?
True
Is 119119446121 a prime number?
False
Is 833555417 a prime number?
False
Is 3224094527 a prime number?
True
Is 1341133 a composite number?
True
Is 4532528723 a prime number?
False
Is 19184311117 a composite number?
False
Is 122500424111 a prime number?
False
Is 10885007633 a prime number?
True
Is 21645552281 composite?
False
Is 4498232941 a prime number?
False
Is 13866387193 prime?
False
Is 1019895043 a composite number?
False
Is 9444293 a composite number?
True
Is 2604111127 a composite number?
False
Is 5432655029 composite?
True
Is 1056611899 composite?
True
Is 2755535327 prime?
False
Is 2908263541 a composite number?
True
Is 5226230785 a prime number?
False
Is 58250905631 a composite number?
True
Is 24345691 composite?
False
Is 71743226641 a composite number?
True
Is 105030401599 a composite number?
False
Is 7724047811 a composite number?
True
Is 2017387507 composite?
True
Is 21562430485 a composite number?
True
Is 8090825251 a composite number?
True
Is 159493843 a composite number?
False
Is 226976039 prime?
False
Is 27233277757 composite?
True
Is 1849914289 a composite number?
False
Is 3598410061 a prime number?
True
Is 5696095243 a composite number?
False
Is 9907411541 prime?
False
Is 1137256331 a composite number?
False
Is 6035675567 composite?
True
Is 1568308295 a prime number?
False
Is 15421482619 a prime number?
False
Is 58708516637 prime?
False
Is 29002110491 prime?
True
Is 9580860823 a prime number?
False
Is 1666197733 composite?
False
Is 237936511 composite?
True
Is 83791457 a composite number?
False
Is 368257193 a composite number?
False
Is 1288170831 a